{"id":101,"date":"2018-05-24T11:27:52","date_gmt":"2018-05-24T09:27:52","guid":{"rendered":"http:\/\/neu.physiotherapie-fleischer.de\/?page_id=101"},"modified":"2018-05-24T11:27:52","modified_gmt":"2018-05-24T09:27:52","slug":"datenschutz","status":"publish","type":"page","link":"https:\/\/neu.physiotherapie-fleischer.de\/?page_id=101","title":{"rendered":"Datenschutz"},"content":{"rendered":"<p><span style=\"margin: 0px; color: #004a7f; letter-spacing: -0.55pt; font-family: '&amp;quot',serif; font-size: 23pt;\">Datenschutzerkl\u00e4rung<\/span><\/p>\n<p><span style=\"margin: 0px; color: #505050; letter-spacing: 0.05pt; font-family: '&amp;quot',serif; font-size: 12pt;\">Physiotherapie Barbara Fleischer freut sich \u00fcber Ihren Besuch auf ihrer Website und Ihr damit verbundenes Interesse an ihrer Praxis und ihren Dienstleistungen. Diese Datenschutzerkl\u00e4rung beschreibt die Handhabung in Bezug auf Informationen, die direkt oder indirekt zur Identifizierung von Einzelpersonen verwendet werden k\u00f6nnen (\u201epersonenbezogene Daten\u201c). Der Schutz Ihrer Privatsph\u00e4re bei der Verarbeitung personenbezogener Daten ist f\u00fcr uns ein wichtiges Anliegen, das wir bei unseren Kommunikationsprozessen stets ber\u00fccksichtigen. <\/span><\/p>\n<p><span style=\"margin: 0px; color: #505050; letter-spacing: 0.05pt; font-family: '&amp;quot',serif; font-size: 12pt;\">\u00c4nderungen dieser Datenschutzerkl\u00e4rung werden auf dieser Seite bekanntgegeben, sodass Sie immer dar\u00fcber informiert sind, welche Daten wir speichern und wie diese verwendet werden. <\/span><\/p>\n<p><span style=\"margin: 0px; color: #505050; letter-spacing: 0.05pt; font-family: '&amp;quot',serif; font-size: 12pt;\">Unsere Websites enthalten auch Links zu Internetpr\u00e4senzen anderer Unternehmen. F\u00fcr die Inhalte dieser Homepages und die Einhaltung von Datenschutzvorschriften durch diese Unternehmen ist die Physiotherapie Barbara Fleischer nicht verantwortlich. <\/span><\/p>\n<p><b><span style=\"margin: 0px; color: #505050; letter-spacing: 0.05pt; font-family: '&amp;quot',serif; font-size: 12pt;\">Erhebung und Verarbeitung personenbezogener Daten<\/span><\/b><\/p>\n<p><span style=\"margin: 0px; color: #505050; letter-spacing: 0.05pt; font-family: '&amp;quot',serif; font-size: 12pt;\">Wenn Sie unsere Websites besuchen, ben\u00f6tigen wir keine personenbezogenen Daten von Ihnen. Personenbezogene Daten werden lediglich dann erhoben und gespeichert, wenn Sie uns diese von sich aus freiwillig, zum Beispiel im Zuge von Informationsanforderungen oder einer Registrierung \u00fcberlassen. <\/span><\/p>\n<p><span style=\"margin: 0px; color: #505050; letter-spacing: 0.05pt; font-family: '&amp;quot',serif; font-size: 12pt;\">Bei jedem Zugriff auf unseren Webserver werden allgemeine Daten \u00fcber den jeweiligen Zugriff in einer Protokolldatei gespeichert (mehr dazu unter Automatisierte Werkzeuge &#8211; Cookies). Diese Daten k\u00f6nnen von uns nicht personenbezogen ausgewertet werden. Wir verwenden die entstandenen Informationen ausschlie\u00dflich zu statistischen Zwecken und um diese Pr\u00e4senz dem allgemeinen Besucherverhalten entsprechend optimal zu gestalten bzw. diesem anzupassen.<\/span><\/p>\n<p><span style=\"margin: 0px; color: #505050; letter-spacing: 0.05pt; font-family: '&amp;quot',serif; font-size: 12pt;\">Die IP-Adresse wird datenschutzrechtlich als personenbezogenes Datum betrachtet. Wir werten diese Daten in der Regel nicht aus und speichern sie nur vor\u00fcbergehend aus sicherheitstechnischen Gr\u00fcnden oder um ggf. unredliche Nutzungsversuche verfolgen zu k\u00f6nnen. <\/span><\/p>\n<p><b><span style=\"margin: 0px; color: #505050; letter-spacing: 0.05pt; font-family: '&amp;quot',serif; font-size: 12pt;\">Google Analytics<\/span><\/b><\/p>\n<p><span style=\"margin: 0px; color: #505050; letter-spacing: 0.05pt; font-family: '&amp;quot',serif; font-size: 12pt;\">Diese Website benutzt Google Analytics, einen Webanalysedienst der Google Inc. (\u201eGoogle\u201c). Google Analytics verwendet sog. \u201eCookies\u201c, Textdateien, die auf Ihrem Computer gespeichert werden und die eine Analyse der Benutzung der Website durch Sie erm\u00f6glichen. Die durch den Cookie erzeugten Informationen \u00fcber Ihre Benutzung dieser Website (einschlie\u00dflich Ihrer IP-Adresse) werden an einen Server von Google in den USA \u00fcbertragen und dort gespeichert. Google wird diese Informationen benutzen, um Ihre Nutzung der Website auszuwerten, um Reports \u00fcber die Websiteaktivit\u00e4ten f\u00fcr die Websitebetreiber zusammenzustellen und um weitere mit der Websitenutzung und der Internetnutzung verbundene Dienstleistungen zu erbringen. Auch wird Google diese Informationen gegebenenfalls an Dritte \u00fcbertragen, sofern dies gesetzlich vorgeschrieben ist oder soweit Dritte diese Daten im Auftrag von Google verarbeiten. Google wird in keinem Fall Ihre IP-Adresse mit anderen Daten von Google in Verbindung bringen. Durch die Nutzung dieser Website erkl\u00e4ren Sie sich mit der Bearbeitung der \u00fcber Sie erhobenen Daten durch Google in der zuvor beschriebenen Art und Weise und zu dem zuvor benannten Zweck einverstanden. <\/span><\/p>\n<p><span style=\"margin: 0px; color: #505050; letter-spacing: 0.05pt; font-family: '&amp;quot',serif; font-size: 12pt;\">Google hat das Browser-Add-on zur Deaktivierung von Google Analytics entwickelt. Es erm\u00f6glicht Besuchern von Websites mehr Wahlm\u00f6glichkeiten hinsichtlich der Erfassung ihrer Daten durch Google Analytics. Das Add-on kommuniziert mit Google Analytics JavaScript (ga.js), um anzugeben, dass keine Informationen \u00fcber Website-Besuche an Google Analytics gesendet werden sollen. Es kann unter folgender Website heruntergeladen werden: <\/span><a href=\"http:\/\/tools.google.com\/dlpage\/gaoptout?hl=en\" target=\"_blank\" rel=\"noopener\"><span style=\"margin: 0px; color: #505050; letter-spacing: 0.05pt; font-family: '&amp;quot',serif; font-size: 12pt;\">http:\/\/tools.google.com\/dlpage\/gaoptout?hl=de<\/span><\/a><\/p>\n<p><span style=\"margin: 0px; color: #505050; letter-spacing: 0.05pt; font-family: '&amp;quot',serif; font-size: 12pt;\">Angesichts der Diskussion um den Einsatz von Analysetools mit vollst\u00e4ndigen IP-Adressen m\u00f6chten wir darauf hinweisen, dass diese Website Google Analytics mit der Erweiterung \u201e_anonymizeIp()\u201c verwendet und daher IP-Adressen nur gek\u00fcrzt weiterverarbeitet werden, um eine direkte Personenbeziehbarkeit auszuschlie\u00dfen. <\/span><\/p>\n<p><b><span style=\"margin: 0px; color: #505050; letter-spacing: 0.05pt; font-family: '&amp;quot',serif; font-size: 12pt;\">Nutzung und Weitergabe personenbezogener Daten<\/span><\/b><\/p>\n<p><span style=\"margin: 0px; color: #505050; letter-spacing: 0.05pt; font-family: '&amp;quot',serif; font-size: 12pt;\">Physiotherapie Barbara Fleischer verpflichtet sich, Ihre Daten streng vertraulich zu behandeln und sie nur entsprechend dieser Datenschutzerkl\u00e4rung zu verarbeiten. Ein verantwortlicher Umgang mit den Daten sowie die Beachtung der sich aus dem Datenschutzgesetz, der DS-GVO und anderer Richtlinien ergebenden Vorschriften ist f\u00fcr uns eine Selbstverst\u00e4ndlichkeit. <\/span><\/p>\n<p><b><span style=\"margin: 0px; color: #505050; letter-spacing: 0.05pt; font-family: '&amp;quot',serif; font-size: 12pt;\">Automatisierte Werkzeuge &#8211; Cookies<\/span><\/b><\/p>\n<p><span style=\"margin: 0px; color: #505050; letter-spacing: 0.05pt; font-family: '&amp;quot',serif; font-size: 12pt;\">Neben solchen Informationen, die Sie selbst \u00fcbermitteln, erhebt die Physiotherapie Barbara Fleischer w\u00e4hrend Ihres Besuchs auch Daten mithilfe von Cookies. Erfasst werden Standardinformationen, die Ihr Browser an unsere Website sendet, wie zum Beispiel Ihr Browsertyp und Ihre Spracheeinstellungen, Zugriffszeiten oder die Adresse derjenigen Website, die Sie auf die Physiotherapie Barbara Fleischer Webseite verwiesen hat. Mithilfe dieser Verfahren erfasste Daten werden indes nicht personenbezogen gespeichert. <\/span><\/p>\n<p><span style=\"margin: 0px; color: #505050; letter-spacing: 0.05pt; font-family: '&amp;quot',serif; font-size: 12pt;\">Wir bieten Ihnen mit einer Schaltfl\u00e4che zu Beginn der Nutzung unserer Website die M\u00f6glichkeit, bequem zustimmungspflichtige Cookies abzulehnen oder diesen zuzustimmen. Sie k\u00f6nnen Cookies auch blockieren und l\u00f6schen, indem Sie Ihre Browsereinstellungen \u00e4ndern. Zur Verwaltung von Cookies erm\u00f6glichen Ihnen die meisten Browser, alle Cookies zu akzeptieren oder abzulehnen bzw. nur bestimmte Arten von Cookies zu akzeptieren. Die Verfahren zur Verwaltung und L\u00f6schung von Cookies finden Sie in der im Browser integrierten Hilfe-Funktion. Beachten Sie bitte, dass die Einstellungen in Bezug auf Cookies in Ihrem Browser im letzteren Fall f\u00fcr den jeweiligen auf einem bestimmten Ger\u00e4t installierten Browser gelten und dass Sie deshalb beim Besuch von Physiotherapie Barbara Fleischer Websites mit anderen Browsern oder anderen Ger\u00e4ten die Tracking-Cookies in den Browsern aller relevanten Ger\u00e4te deaktivieren m\u00fcssen. Beachten Sie jedoch auch, dass dadurch die volle Funktionst\u00fcchtigkeit der entsprechenden Website eingeschr\u00e4nkt sein kann. <\/span><\/p>\n<p><b><span style=\"margin: 0px; color: #505050; letter-spacing: 0.05pt; font-family: '&amp;quot',serif; font-size: 12pt;\">Sicherheit<\/span><\/b><\/p>\n<p><span style=\"margin: 0px; color: #505050; letter-spacing: 0.05pt; font-family: '&amp;quot',serif; font-size: 12pt;\">Physiotherapie Barbara Fleischer verpflichtet sich zum Schutz der von Ihnen bereitgestellten personenbezogenen Daten. Physiotherapie Barbara Fleischer setzt eine Kombination von standardm\u00e4\u00dfigen Sicherheitstechnologien und -verfahren und organisatorischen Ma\u00dfnahmen ein, um Ihre personenbezogenen Daten vor dem unberechtigten Zugriff sowie der unberechtigten Verwendung oder Offenlegung zu sch\u00fctzen. Physiotherapie Barbara Fleischer unterst\u00fctzt die Online-Sicherheit durch Verwendung sicherer Servertechnologie, da sie die Sicherheit Ihrer Daten gew\u00e4hrleisten m\u00f6chte. Die Physiotherapie Barbara Fleischer verpflichtet Mitarbeiter sowie Datenverarbeiter zu Datenschutz und Geheimhaltung. <\/span><\/p>\n<p><b><span style=\"margin: 0px; color: #505050; letter-spacing: 0.05pt; font-family: '&amp;quot',serif; font-size: 12pt;\">Datenschutzbeauftragter<\/span><\/b><\/p>\n<p><span style=\"margin: 0px; color: #505050; letter-spacing: 0.05pt; font-family: '&amp;quot',serif; font-size: 12pt;\">Falls Sie R\u00fcckfragen zum Umgang mit Ihren pers\u00f6nlichen Daten oder sonstige Fragen zu dieser Datenschutzerkl\u00e4rung haben, wenden Sie sich bitte direkt an uns. <\/span><\/p>\n<p><span style=\"margin: 0px; color: #777777; font-family: '&amp;quot',serif; font-size: 10pt;\">&nbsp;<\/span><\/p>\n<p><span style=\"margin: 0px; color: #505050; letter-spacing: 0.05pt; font-family: '&amp;quot',serif;\">Physiotherapie Barbara Fleischer<br \/>\n<\/span><span style=\"margin: 0px; color: #333333; font-family: '&amp;quot',serif;\">Langes Sachseng\u00e4\u00dfchen 12<\/span><\/p>\n<p><span style=\"margin: 0px; color: #333333; font-family: '&amp;quot',serif;\">86152 Augsburg<\/span><\/p>\n<p><span style=\"margin: 0px; color: #333333; font-family: '&amp;quot',serif;\">Telefon: (0821) 311 259<\/span><\/p>\n<p><span style=\"margin: 0px; color: #505050; letter-spacing: 0.05pt; font-family: '&amp;quot',serif; font-size: 12pt;\">Auf Anforderung teilen wir Ihnen ebenfalls schriftlich entsprechend geltendem Recht mit, ob und welche personenbezogenen Daten bei Physiotherapie Barbara Fleischer \u00fcber Sie gespeichert sind.<\/span><\/p>\n","protected":false},"excerpt":{"rendered":"<p>Datenschutzerkl\u00e4rung Physiotherapie Barbara Fleischer freut sich \u00fcber Ihren Besuch auf ihrer Website und Ihr damit verbundenes Interesse an ihrer Praxis und ihren Dienstleistungen. Diese Datenschutzerkl\u00e4rung beschreibt die Handhabung in Bezug auf Informationen, die direkt oder indirekt zur Identifizierung von Einzelpersonen verwendet werden k\u00f6nnen (\u201epersonenbezogene Daten\u201c). Der Schutz Ihrer Privatsph\u00e4re bei der Verarbeitung personenbezogener Daten ist &hellip; <\/p>\n<p class=\"link-more\"><a href=\"https:\/\/neu.physiotherapie-fleischer.de\/?page_id=101\" class=\"more-link\"><span class=\"screen-reader-text\">\u201eDatenschutz\u201c <\/span>weiterlesen<\/a><\/p>\n","protected":false},"author":1,"featured_media":0,"parent":0,"menu_order":0,"comment_status":"closed","ping_status":"closed","template":"","meta":{"ngg_post_thumbnail":0,"footnotes":""},"class_list":["post-101","page","type-page","status-publish","hentry"],"jetpack_sharing_enabled":true,"_links":{"self":[{"href":"https:\/\/neu.physiotherapie-fleischer.de\/index.php?rest_route=\/wp\/v2\/pages\/101","targetHints":{"allow":["GET"]}}],"collection":[{"href":"https:\/\/neu.physiotherapie-fleischer.de\/index.php?rest_route=\/wp\/v2\/pages"}],"about":[{"href":"https:\/\/neu.physiotherapie-fleischer.de\/index.php?rest_route=\/wp\/v2\/types\/page"}],"author":[{"embeddable":true,"href":"https:\/\/neu.physiotherapie-fleischer.de\/index.php?rest_route=\/wp\/v2\/users\/1"}],"replies":[{"embeddable":true,"href":"https:\/\/neu.physiotherapie-fleischer.de\/index.php?rest_route=%2Fwp%2Fv2%2Fcomments&post=101"}],"version-history":[{"count":1,"href":"https:\/\/neu.physiotherapie-fleischer.de\/index.php?rest_route=\/wp\/v2\/pages\/101\/revisions"}],"predecessor-version":[{"id":102,"href":"https:\/\/neu.physiotherapie-fleischer.de\/index.php?rest_route=\/wp\/v2\/pages\/101\/revisions\/102"}],"wp:attachment":[{"href":"https:\/\/neu.physiotherapie-fleischer.de\/index.php?rest_route=%2Fwp%2Fv2%2Fmedia&parent=101"}],"curies":[{"name":"wp","href":"https:\/\/api.w.org\/{rel}","templated":true}]}}