{"id":58,"date":"2014-01-13T16:34:36","date_gmt":"2014-01-13T14:34:36","guid":{"rendered":"http:\/\/neu.physiotherapie-fleischer.de\/?page_id=58"},"modified":"2018-05-23T20:32:33","modified_gmt":"2018-05-23T18:32:33","slug":"praxisraeume","status":"publish","type":"page","link":"https:\/\/neu.physiotherapie-fleischer.de\/?page_id=58","title":{"rendered":"Praxisr\u00e4ume"},"content":{"rendered":"<p>Unsere Praxis<\/p>\n<p><a href=\"https:\/\/neu.physiotherapie-fleischer.de\/wp-content\/uploads\/2014\/01\/Anmeldung.jpg\"><img loading=\"lazy\" decoding=\"async\" width=\"300\" height=\"300\" class=\"alignnone size-thumbnail wp-image-29\" alt=\"\" src=\"https:\/\/neu.physiotherapie-fleischer.de\/wp-content\/uploads\/2014\/01\/Anmeldung-150x150.jpg\" srcset=\"https:\/\/neu.physiotherapie-fleischer.de\/wp-content\/uploads\/2014\/01\/Anmeldung-150x150.jpg 150w, https:\/\/neu.physiotherapie-fleischer.de\/wp-content\/uploads\/2014\/01\/Anmeldung-230x230.jpg 230w, https:\/\/neu.physiotherapie-fleischer.de\/wp-content\/uploads\/2014\/01\/Anmeldung-80x80.jpg 80w\" sizes=\"auto, (max-width: 300px) 100vw, 300px\" \/><\/a><\/p>\n<p><span class=\"Stil3\"><b>Eingangsbereich<\/b><\/span><br \/>\nHier vereinbaren Sie Ihre Termine<br \/>\n&nbsp;<\/p>\n<p><a href=\"https:\/\/neu.physiotherapie-fleischer.de\/wp-content\/uploads\/2014\/01\/stimmung_1.jpg\"><img loading=\"lazy\" decoding=\"async\" width=\"300\" height=\"300\" class=\"alignnone size-thumbnail wp-image-47\" alt=\"\" src=\"https:\/\/neu.physiotherapie-fleischer.de\/wp-content\/uploads\/2014\/01\/stimmung_1-150x150.jpg\" srcset=\"https:\/\/neu.physiotherapie-fleischer.de\/wp-content\/uploads\/2014\/01\/stimmung_1-150x150.jpg 150w, https:\/\/neu.physiotherapie-fleischer.de\/wp-content\/uploads\/2014\/01\/stimmung_1-80x80.jpg 80w\" sizes=\"auto, (max-width: 300px) 100vw, 300px\" \/><\/a><\/p>\n<p><span class=\"Stil3\"><b>Wartebereich<\/b><\/span><br \/>\nSollten Sie wirklich einmal warten m\u00fcssen &#8211; hier k\u00f6nnen Sie sich in sch\u00f6nem Ambiente Zeit nehmen zum Zeitung lesen oder ausruhen<br \/>\n&nbsp;<\/p>\n<p><a href=\"https:\/\/neu.physiotherapie-fleischer.de\/wp-content\/uploads\/2014\/01\/behandlungszimmer1_1.jpg\"><img loading=\"lazy\" decoding=\"async\" width=\"300\" height=\"300\" class=\"alignnone size-thumbnail wp-image-38\" alt=\"\" src=\"https:\/\/neu.physiotherapie-fleischer.de\/wp-content\/uploads\/2014\/01\/behandlungszimmer1_1-150x150.jpg\" srcset=\"https:\/\/neu.physiotherapie-fleischer.de\/wp-content\/uploads\/2014\/01\/behandlungszimmer1_1-150x150.jpg 150w, https:\/\/neu.physiotherapie-fleischer.de\/wp-content\/uploads\/2014\/01\/behandlungszimmer1_1-230x230.jpg 230w, https:\/\/neu.physiotherapie-fleischer.de\/wp-content\/uploads\/2014\/01\/behandlungszimmer1_1-80x80.jpg 80w\" sizes=\"auto, (max-width: 300px) 100vw, 300px\" \/><\/a><\/p>\n<p><span class=\"Stil3\"><b>Krankengymnastikzimmer<\/b><\/span><br \/>\nHier trainieren wir mit Ihnen oder zeigen Ihnen \u00dcbungen, die speziell auf Ihr Krankheitsbild oder Ihre Beschwerden zugeschnitten sind, damit Sie m\u00f6glichst schnell wieder top fit werden<br \/>\n&nbsp;<\/p>\n<p><a href=\"https:\/\/neu.physiotherapie-fleischer.de\/wp-content\/uploads\/2014\/01\/s_IMG_2155.jpg\"><img loading=\"lazy\" decoding=\"async\" width=\"300\" height=\"300\" class=\"alignnone size-thumbnail wp-image-44\" alt=\"\" src=\"https:\/\/neu.physiotherapie-fleischer.de\/wp-content\/uploads\/2014\/01\/s_IMG_2155-150x150.jpg\" srcset=\"https:\/\/neu.physiotherapie-fleischer.de\/wp-content\/uploads\/2014\/01\/s_IMG_2155-150x150.jpg 150w, https:\/\/neu.physiotherapie-fleischer.de\/wp-content\/uploads\/2014\/01\/s_IMG_2155-230x230.jpg 230w, https:\/\/neu.physiotherapie-fleischer.de\/wp-content\/uploads\/2014\/01\/s_IMG_2155-80x80.jpg 80w\" sizes=\"auto, (max-width: 300px) 100vw, 300px\" \/><\/a><\/p>\n<p><span class=\"Stil3\"><b>Behandlungszimmer<\/b><\/span><br \/>\nEgal ob medizinische Behandlung oder Entspannungsmassagen, in angenehmer Atmosph\u00e4re werden Sie hier behandelt. Der richtige Ort, die Seele baumeln zu lassen und vom Alltag abzuschalten.<br \/>\n&nbsp;<\/p>\n<p><a href=\"https:\/\/neu.physiotherapie-fleischer.de\/wp-content\/uploads\/2014\/01\/babsi_3weich.jpg\"><img loading=\"lazy\" decoding=\"async\" width=\"300\" height=\"300\" class=\"alignnone size-thumbnail wp-image-33\" alt=\"\" src=\"https:\/\/neu.physiotherapie-fleischer.de\/wp-content\/uploads\/2014\/01\/babsi_3weich-150x150.jpg\" srcset=\"https:\/\/neu.physiotherapie-fleischer.de\/wp-content\/uploads\/2014\/01\/babsi_3weich-150x150.jpg 150w, https:\/\/neu.physiotherapie-fleischer.de\/wp-content\/uploads\/2014\/01\/babsi_3weich-230x230.jpg 230w, https:\/\/neu.physiotherapie-fleischer.de\/wp-content\/uploads\/2014\/01\/babsi_3weich-80x80.jpg 80w\" sizes=\"auto, (max-width: 300px) 100vw, 300px\" \/><\/a><\/p>\n<p><span class=\"Stil3\"><b>Barbara Fleischer<\/b><\/span><br \/>\n&nbsp;<\/p>\n<p><a href=\"https:\/\/neu.physiotherapie-fleischer.de\/wp-content\/uploads\/2014\/01\/behaldnunbszimmer1.jpg\"><img loading=\"lazy\" decoding=\"async\" width=\"300\" height=\"300\" class=\"alignnone size-thumbnail wp-image-36\" alt=\"\" src=\"https:\/\/neu.physiotherapie-fleischer.de\/wp-content\/uploads\/2014\/01\/behaldnunbszimmer1-150x150.jpg\" srcset=\"https:\/\/neu.physiotherapie-fleischer.de\/wp-content\/uploads\/2014\/01\/behaldnunbszimmer1-150x150.jpg 150w, https:\/\/neu.physiotherapie-fleischer.de\/wp-content\/uploads\/2014\/01\/behaldnunbszimmer1-230x230.jpg 230w, https:\/\/neu.physiotherapie-fleischer.de\/wp-content\/uploads\/2014\/01\/behaldnunbszimmer1-80x80.jpg 80w\" sizes=\"auto, (max-width: 300px) 100vw, 300px\" \/><\/a><\/p>\n<p><span class=\"Stil3\"><b>Behandlungszimmer<\/b><\/span><br \/>\n&nbsp;<\/p>\n<p><a href=\"https:\/\/neu.physiotherapie-fleischer.de\/wp-content\/uploads\/2014\/01\/fussreflex.jpg\"><img loading=\"lazy\" decoding=\"async\" width=\"300\" height=\"300\" class=\"alignnone size-thumbnail wp-image-41\" alt=\"\" src=\"https:\/\/neu.physiotherapie-fleischer.de\/wp-content\/uploads\/2014\/01\/fussreflex-150x150.jpg\" srcset=\"https:\/\/neu.physiotherapie-fleischer.de\/wp-content\/uploads\/2014\/01\/fussreflex-150x150.jpg 150w, https:\/\/neu.physiotherapie-fleischer.de\/wp-content\/uploads\/2014\/01\/fussreflex-230x230.jpg 230w, https:\/\/neu.physiotherapie-fleischer.de\/wp-content\/uploads\/2014\/01\/fussreflex-80x80.jpg 80w\" sizes=\"auto, (max-width: 300px) 100vw, 300px\" \/><\/a><\/p>\n<p><span class=\"Stil3\"><b>Anwendungsgebiet Fussreflexzonen<\/b><\/span><br \/>\n&nbsp;<\/p>\n<p><a href=\"https:\/\/neu.physiotherapie-fleischer.de\/wp-content\/uploads\/2014\/01\/handtuecher.jpg\"><img loading=\"lazy\" decoding=\"async\" width=\"300\" height=\"300\" class=\"alignnone size-thumbnail wp-image-43\" alt=\"\" src=\"https:\/\/neu.physiotherapie-fleischer.de\/wp-content\/uploads\/2014\/01\/handtuecher-150x150.jpg\" srcset=\"https:\/\/neu.physiotherapie-fleischer.de\/wp-content\/uploads\/2014\/01\/handtuecher-150x150.jpg 150w, https:\/\/neu.physiotherapie-fleischer.de\/wp-content\/uploads\/2014\/01\/handtuecher-230x230.jpg 230w, https:\/\/neu.physiotherapie-fleischer.de\/wp-content\/uploads\/2014\/01\/handtuecher-80x80.jpg 80w\" sizes=\"auto, (max-width: 300px) 100vw, 300px\" \/><\/a><\/p>\n<p><span class=\"Stil3\"><b>Handtuch-Schrank<\/b><\/span><\/p>\n","protected":false},"excerpt":{"rendered":"<p>Unsere Praxis Eingangsbereich Hier vereinbaren Sie Ihre Termine &nbsp; Wartebereich Sollten Sie wirklich einmal warten m\u00fcssen &#8211; hier k\u00f6nnen Sie sich in sch\u00f6nem Ambiente Zeit nehmen zum Zeitung lesen oder ausruhen &nbsp; Krankengymnastikzimmer Hier trainieren wir mit Ihnen oder zeigen Ihnen \u00dcbungen, die speziell auf Ihr Krankheitsbild oder Ihre Beschwerden zugeschnitten sind, damit Sie m\u00f6glichst &hellip; <\/p>\n<p class=\"link-more\"><a href=\"https:\/\/neu.physiotherapie-fleischer.de\/?page_id=58\" class=\"more-link\"><span class=\"screen-reader-text\">\u201ePraxisr\u00e4ume\u201c <\/span>weiterlesen<\/a><\/p>\n","protected":false},"author":1,"featured_media":0,"parent":0,"menu_order":2,"comment_status":"closed","ping_status":"closed","template":"","meta":{"ngg_post_thumbnail":0,"footnotes":""},"class_list":["post-58","page","type-page","status-publish","hentry"],"jetpack_sharing_enabled":true,"_links":{"self":[{"href":"https:\/\/neu.physiotherapie-fleischer.de\/index.php?rest_route=\/wp\/v2\/pages\/58","targetHints":{"allow":["GET"]}}],"collection":[{"href":"https:\/\/neu.physiotherapie-fleischer.de\/index.php?rest_route=\/wp\/v2\/pages"}],"about":[{"href":"https:\/\/neu.physiotherapie-fleischer.de\/index.php?rest_route=\/wp\/v2\/types\/page"}],"author":[{"embeddable":true,"href":"https:\/\/neu.physiotherapie-fleischer.de\/index.php?rest_route=\/wp\/v2\/users\/1"}],"replies":[{"embeddable":true,"href":"https:\/\/neu.physiotherapie-fleischer.de\/index.php?rest_route=%2Fwp%2Fv2%2Fcomments&post=58"}],"version-history":[{"count":8,"href":"https:\/\/neu.physiotherapie-fleischer.de\/index.php?rest_route=\/wp\/v2\/pages\/58\/revisions"}],"predecessor-version":[{"id":86,"href":"https:\/\/neu.physiotherapie-fleischer.de\/index.php?rest_route=\/wp\/v2\/pages\/58\/revisions\/86"}],"wp:attachment":[{"href":"https:\/\/neu.physiotherapie-fleischer.de\/index.php?rest_route=%2Fwp%2Fv2%2Fmedia&parent=58"}],"curies":[{"name":"wp","href":"https:\/\/api.w.org\/{rel}","templated":true}]}}